or of h and j.
16
Let z(g) = 15*g**2 + 3*g - 18. Let s be z(-8). Calculate the highest common factor of 136 and s.
34
Let z = -36 + 36. Suppose 1 = 2*s + u, 2*u + z = -s + 2. Suppose 5*k = -4*d + 51, s = 3*d - 5*d + 8. Calculate the highest common factor of 7 and k.
7
Suppose v - 602 = -587. Let w be (15/(-12))/(4/(-32)). Let x be 4/(-10) - (-304)/w. What is the greatest common divisor of v and x?
15
Suppose 0 = -393*h + 65 + 10939. Let u(c) = 2*c**2 - 6*c + 6. Let g be u(6). What is the highest common divisor of g and h?
14
Let z be (-81125)/(-500) + 22/8. Calculate the greatest common factor of z and 49500.
165
Let y(l) = -l**2 + 18*l + 7. Let k(z) = 5*z - 106. Let d be k(23). Let b be y(d). Calculate the highest common factor of b and 121.
11
Suppose -2*d = u - 30094, 3*d + 60202 = -209*u + 211*u. What is the greatest common factor of 298 and u?
298
Suppose 2*v - 3*g = 6456, -57*v + 12868 = -53*v + 5*g. Calculate the highest common factor of v and 18.
18
Suppose c + n + 4 = 2*n, 5*c + n = -2. Let h be ((-210)/63)/((2/(-6))/c). Let o be (-422)/h - (-3)/(-15). Calculate the greatest common factor of o and 6.
6
Suppose -4*l - 3*t + 466 = -3*l, t = 0. Suppose -15 = -3*u, -486 - l = 3*z + 4*u. Let i be (z/8)/((-6)/16). Calculate the highest common factor of i and 12.
12
Suppose 4*c - 1 = -3*l + 45, -5*l = 3*c - 62. Suppose 4*o - l*o = -144. Let w be 2/((-107)/108 + 1). What is the greatest common divisor of o and w?
24
Suppose 2*n + 2641 = 5*g, -2651 = -5*g + 3*n - 6*n. Suppose 3*o + 6 = -2*k + g, 0 = -3*k + 2*o + 804. Calculate the highest common factor of 14 and k.
14
Suppose -4*i + 20 = -3*i. Let p(d) = -4*d**2 + 9*d + 3*d + 4*d**2 + d**2 - 8. Let x be p(-13). Calculate the highest common divisor of i and x.
5
Let s(z) be the third derivative of -z**6/120 + 11*z**5/60 - 19*z**4/24 - 4*z**3/3 + 12*z**2 - 5. Let p be s(8). What is the highest common factor of 160 and p?
32
Let w be ((-2)/4)/((-33)/3630). What is the greatest common divisor of 539 and w?
11
Let c(d) = d**2 - 214*d + 3355. Let x be c(17). Calculate the highest common divisor of 1040 and x.
2
Let c be 2*5*3/(-8 + 11). Suppose -4*u - d = -185, -5*d + 7*d = c. Let z = -5 - -10. Calculate the highest common factor of u and z.
5
Let m = -1071 + -351. Let j = 2111 + m. What is the greatest common divisor of j and 53?
53
Let c(u) = -21 + 41 - 2*u**3 - 2*u**2 - 26 + u**3 - 9*u. Let k be c(-3). Calculate the highest common divisor of 30 and k.
30
Let i = -8214 + 8877. Calculate the highest common divisor of i and 39.
39
Let m(b) = -3*b + 34. Let o be m(12). Let q be o/((-2)/3) + -2. Let y be 8*(-3)/6 - -9. Calculate the highest common divisor of q and y.
1
Let a = 23 - 21. Suppose -a = 2*n, -2*s + 18 - 5 = -5*n. Suppose 0 = -3*c - 5*j + 37 + 61, -s*j - 8 = 0. What is the highest common divisor of c and 4?
4
Suppose 5*y + h = 103391, 273*y + 2*h + 62058 = 276*y. Calculate the greatest common factor of y and 132.
44
Let t(p) = p**2 - 7*p + 6. Let s be t(6). Let z = -3285 - -3290. Suppose s*q - 12 = -3*q, 5*n - z*q = -10. Calculate the highest common divisor of 22 and n.
2
Let h = 7605 + -6233. What is the highest common divisor of 28 and h?
28
Let j be (-320)/(-6)*(-108)/(-48). Suppose 7*t = 2*t + j. Let n(a) = -a**2 + 12*a - 11. Let x be n(5). Calculate the highest common factor of t and x.
24
Suppose 0 = -l - l + 38. Let a = l - -7. Let u = a + 1. What is the highest common divisor of 54 and u?
27
Let u = 6 + 12. Let l be ((-1980)/(-11))/(15/10). Let g = l - 30. Calculate the greatest common factor of g and u.
18
Suppose 50*y - 350 = 79*y - 5396. Calculate the greatest common factor of y and 2726.
58
Let o = -554 - -3625. Calculate the highest common factor of 185 and o.
37
Let f be ((-11)/(-44))/((-2)/(-776)). Let t = f - 67. Let z = 35 - t. Calculate the highest common factor of 25 and z.
5
Let m(h) = 14 - 71*h + 14 - 10850*h**2 + 10847*h**2. Let b be m(-24). What is the greatest common factor of 12 and b?
4
Suppose -15 = -0*n - 4*n - c, 5*n = 5*c. Let a be 20/15*n*23. Let p = a - -25. What is the highest common divisor of p and 78?
39
Suppose -7*f + 33*f + 13*f = 246051. What is the highest common factor of f and 3?
3
Let r = 2152 + -2143. Let j(n) = -24*n + 96. Let v(l) = 3*l - 12. Let b(c) = 4*j(c) + 33*v(c). Let y be b(r). Calculate the greatest common factor of 5 and y.
5
Let j be (-12315)/(-18) - (-15)/(-90). Suppose -37*y + 41*y - j = 0. Calculate the highest common divisor of 9 and y.
9
Let p = 125 + -106. Let j(a) = -a**3 + 18*a**2 + 15*a + 79. Let o be j(p). Calculate the greatest common divisor of o and 13.
1
Suppose -12768 = 5959*n - 5983*n. Calculate the greatest common factor of 560 and n.
28
Let x = -4 + 7. Suppose -2*g = -x*g - 15. Let k be (-518)/(-10) - 3/g. Calculate the highest common factor of 52 and k.
52
Suppose 12*i - 5*p - 76 = 0, -44 = 4*i - 7*i - 5*p. Calculate the highest common factor of 24008 and i.
8
Let i = -760 - -816. Calculate the greatest common divisor of 609 and i.
7
Suppose 5*d - 5*z + 2*z = -1515, -z = 0. Let n = 438 + d. What is the highest common divisor of 360 and n?
45
Let s be 35 - 2/(4*4/(-72)). What is the greatest common factor of s and 28?
4
Let t(j) = 333*j - 730. Let c be t(5). What is the greatest common factor of 748 and c?
187
Let a be 72/10 - 5/25. Let f be 16/56 - (-138)/a. Suppose 23 = n + 18. What is the highest common factor of f and n?
5
Let c(h) = 6547*h - 78312. Let b be c(12). Suppose 0*z - 63 = -z. Calculate the greatest common factor of b and z.
63
Let o = -103 + 324. Suppose 609 = 3*c - 4*k, -23 = c - 3*k - o. What is the highest common factor of 9 and c?
9
Let n(s) = 2*s**2 - 14*s + 15. Let p be n(6). Suppose 143 + 159 = p*j + w, 0 = -5*w + 10. Calculate the highest common divisor of 40 and j.
20
Suppose -3*f + 48 = 4*x - 202, 2*x - 130 = f. Calculate the greatest common factor of 5776 and x.
16
Suppose 5*u - 60 = -5*d, 5*d + 4*u - 9*u = 60. Suppose -d*n + 29 = -187. What is the highest common factor of 78 and n?
6
Let a be 10485/180 + -28*(-7)/112. Let p be ((-9)/(-2))/((-3)/(-140)). What is the highest common factor of p and a?
30
Let p(v) = -2*v - 5. Let j = 10 + -14. Let f be p(j). Suppose -762 = -106*u - 101*u - 141. Calculate the greatest common divisor of u and f.
3
Suppose 0 = 292*q - 300*q + 4776. Let l = q + -593. Suppose o = -b - 0*b + 32, -2*b + 136 = 4*o. Calculate the highest common divisor of o and l.
4
Let y = -74 + 112. Suppose 3*r - 2*s - 269 = 0, 5*s - 283 = -9*r + 6*r. Suppose -7*i = -r - 42. Calculate the highest common factor of y and i.
19
Let g be (-3)/1*(-4)/3. Suppose 5*p = -4*l - 350 + 362, -3*p - l = -3. Let w = g + p. What is the greatest common factor of 20 and w?
4
Suppose 22*j = 5*j - 1037. Let w = 115 + j. What is the highest common divisor of w and 6?
6
Let r(q) = -5*q - 15. Let c be r(-4). Suppose -c*h + 10 = -3*p, 8 = 3*p + 5*h - 2. Suppose -3*u - 65 + 233 = p. Calculate the highest common divisor of 8 and u.
8
Let i = 41 + -27. Let b(k) = -80*k + 738. Let j be b(8). What is the greatest common factor of j and i?
14
Let k(l) = 24*l**2 + 2*l + 80. Let z be k(-5). Calculate the greatest common divisor of 190 and z.
10
Suppose -4*x - p + 2667 + 3057 = 0, 2*p - 7155 = -5*x. Let q be (11 + 1)*x/18. Calculate the greatest common divisor of q and 18.
18
Suppose 129 = 6*p - 159. Suppose 8*w - 34 = 54. Let c be (w - 1) + (-4 - (-6)/1). Calculate the greatest common divisor of p and c.
12
Suppose 53172*y = 53381*y - 8987. Suppose -3*k + 3 = -12. Suppose -5*g + p = 4*p - 200, -111 = -2*g + k*p. Calculate the highest common factor of y and g.
43
Suppose o - 2*t + 2 = 3*o, o + 19 = 4*t. Let p be ((6/4)/(8/(-16)))/o. Let k = 9 + p. What is the greatest common factor of k and 50?
10
Suppose -2*d + 25 = 3*d. Suppose -d*m = -7*m + 36. Suppose 3*b - 69 = v + m, 3*b + 3*v = 75. What is the highest common factor of 14 and b?
14
Let p(k) = 408*k**2 + 2*k - 10. Let f be p(-1). Calculate the highest common factor of 126 and f.
18
Let p be 1/(4/458) + 15/(-210)*7. What is the greatest common divisor of p and 2318?
38
Suppose 1 = -x, 43*x + 22425 = 5*f + 38*x. Calculate the greatest common divisor of 76 and f.
76
Let h be (5 + -4)/((-2)/(-882)). Suppose -h = 4*a - 2705. Suppose 246 + a = 7*f. Calculate th